late the remainder when 222 is divided by 4 - (1*4 - ((1 - 16) + 117)).
18
Suppose 85 = 5*g + 3*n, 13*g = 15*g - 10*n - 90. What is the remainder when 307 is divided by g?
7
Let t = -13051 + 13180. Calculate the remainder when 220 is divided by t.
91
Let d(j) = j**3 - 2*j**2 - 27*j + 85. Calculate the remainder when 325 is divided by d(3).
0
Suppose 2*z - 4 = 2. Suppose -q - 3 - 3 = z*u, -5*q - u = -40. Let b(m) = m**2 + 67*m - 3538. What is the remainder when b(35) is divided by q?
5
Suppose 0 = 34*v - 28*v - 12. Suppose -14 = 5*s + 1, -5*m - v*s = -59. What is the remainder when 192 is divided by m?
10
Let a = 43 - -12. Suppose -13 = 3*j - a. Suppose 5*h - 195 = -r, 694*r = h + 690*r - 60. Calculate the remainder when h is divided by j.
12
Let o = 313 - 385. Calculate the remainder when 105 is divided by (0 + 2)/(-3 - 224/o).
15
Let n be (-96)/2 + -2 + 7. Let j = n - -251. Calculate the remainder when j is divided by 53.
49
Let r = -50 - -39. Let d be 2/(-2)*(10 + r) + 30. Suppose -v = -d - 6. Calculate the remainder when v is divided by 13.
11
Let j = -209 + 204. Calculate the remainder when 10/j + 14*2 is divided by 9.
8
Let u(l) = -3*l**3 - 16*l**2 + 12*l + 15. Let o = -7 - -25. Calculate the remainder when o is divided by u(-6).
3
Let i = 35 + 4. What is the remainder when (5652/(-8) + 6)*26/(-39) is divided by i?
38
Suppose 28*v - 30*v + 38 = 5*o, -2*o - 5*v = -11. Calculate the remainder when 1122 is divided by o.
2
Let p(s) = 4 - 6 + 2*s**2 + 8*s**3 - s**3. Let m be p(-2). Let q = -40 - m. Calculate the remainder when q is divided by 3.
1
Suppose 4*v = 182 + 170. Let j be 57/11 + (-16)/v. Let a = j - -21. What is the remainder when a is divided by 15?
11
Let m = 31 - 431. Let y be (21/5)/(20/m). Let x = -42 - y. What is the remainder when 166 is divided by x?
40
Let w = -5 + 32. Suppose 24*a + 132 = w*a. Let g = 65 - a. Calculate the remainder when 56 is divided by g.
14
Suppose -d = d - 28. Let y(a) = -a**3 + 48*a**2 + 383*a + 27. Calculate the remainder when y(-7) is divided by d.
13
Suppose 27*c - 29*c = -138. Let y = c + -69. Suppose -f = -y*f - 175. Calculate the remainder when f is divided by 44.
43
Suppose 11*a - 6*a = 0. Suppose -2*x - 122 = -2*s - x, a = 5*x. Let u = s - 55. What is the remainder when 34 is divided by u?
4
Suppose 6*l - 105 = -375. Let v = 23 - l. What is the remainder when v is divided by 35?
33
Let r(x) = x. Let p be 24/(-60) + (-16)/10. What is the remainder when p/12 - 1176/(-144) is divided by r(3)?
2
Suppose -28*x + 377 = -2709 + 202. What is the remainder when 459 is divided by x?
47
Let i(s) = -9*s - 26. Let f be i(-3). What is the remainder when 17 is divided by (-7 + 16)/(f - 0)?
8
Let s = -33 + 37. Let v be (-2 - -4)*6/s. Let q(x) = 4*x**2 - 1. What is the remainder when q(v) is divided by 20?
15
Let a be (14464/(-8))/(-8) - -5. Suppose -109 - a = -10*j. Calculate the remainder when 94 is divided by j.
26
Suppose 0 = -1339*n + 1341*n - 60. Calculate the remainder when 139 is divided by (-12)/6 + (n - -1).
23
Let r = -91 + -194. Let l = 454 + r. What is the remainder when l is divided by 11?
4
What is the remainder when 950 is divided by 8 + -10 + 54/28 + 2313/42?
15
Let f(b) = -b**3 - 27*b**2 + 58*b + 2. Let p be f(-29). Let w(n) = 36*n - 43. Calculate the remainder when w(p) is divided by 13.
3
Let b = 234 + -63. Let d = b + -155. Calculate the remainder when 93 is divided by d.
13
Suppose 59*q = 63*q + 464. Let l = 111 + q. Let o(w) = -16*w - 43. Calculate the remainder when o(l) is divided by 10.
7
Let j = 10 + -20. Let v be (-2)/((-5)/90 - 6/(-27)). What is the remainder when 15 is divided by (-30)/v*(-32)/j?
7
Let w(y) = 31*y**3 - 4*y**2 + 9*y - 141. Calculate the remainder when w(6) is divided by 6.
3
Let l = 9790 + -9708. What is the remainder when l is divided by 29?
24
Suppose 3*c - 230 = -0*c + 2*s, 0 = -4*c - 5*s + 299. Let z(y) = y + 8. Calculate the remainder when c is divided by z(-2).
4
Let b(n) = n**2 - 3*n - 6. Let c be b(6). Suppose 10*o + c = 42. What is the remainder when 9 is divided by o?
0
Suppose 3186 = 3*m + 3*v, 2*v - 1371 - 2879 = -4*m. What is the remainder when m is divided by 41?
38
Let p(f) = f**3 - 2*f**2 + 28*f - 259. Calculate the remainder when p(6) is divided by 38.
15
Let d = 692 + -282. Let i = d - 341. What is the remainder when 338 is divided by i?
62
Let w(s) = 2*s**2 - 180*s - 864. Calculate the remainder when 5589 is divided by w(-5).
85
Suppose -2*a = -3*p - 19, -4 - 1 = -a - 3*p. Let u(o) = -4*o**3 + 24*o**2 + 15*o - 53. What is the remainder when u(6) is divided by a?
5
Let s(p) = p**2 - 11*p + 13. Let t be s(10). Suppose 4*m - 14 - 56 = 2*f, -2*m - t*f = -47. Calculate the remainder when 53 is divided by m.
15
Suppose 0 = 2*j + d - 9, 6*d - 2*d = 12. Suppose 4*o = 3*n - 7, 4*n + j*o - 46 = o. What is the remainder when 35 is divided by n?
8
Let i be (-33)/18 + (10/12 - 1). Let f be 3/((-10)/i - 4). Suppose 55 = -f*m + 157. What is the remainder when m is divided by 18?
16
Suppose -4*b + 4*c = -240, 3*b - 5*c = 13 + 159. Let r = -147 + 185. Suppose 33*v - r*v = -65. Calculate the remainder when b is divided by v.
12
Let m = -19134 + 19158. Calculate the remainder when 2466 is divided by m.
18
Let h(k) = 6. Let c(u) = -5*u + 288. Let b(q) = c(q) - 5*h(q). Calculate the remainder when b(25) is divided by 47.
39
Let u = 894 + -700. Suppose u = -7*a + 355. What is the remainder when 205 is divided by a?
21
What is the remainder when 1197 is divided by (-25)/(500/8) + (-1626)/(-15)?
9
What is the remainder when 568 is divided by (6 + (9 + -141)/12)*-13?
48
Suppose -91 = 2*p - 1193. Calculate the remainder when p is divided by 40.
31
Let t(p) = -201*p - 1389. What is the remainder when 470 is divided by t(-7)?
2
Let r(d) = 8*d**2 - 69*d + 17. What is the remainder when r(12) is divided by 91?
68
Suppose -25646 = -19*w - 0*w - 6019. What is the remainder when w is divided by 87?
76
Suppose 0 = -215*n + 218*n - l - 87, -4*l + 57 = 3*n. Calculate the remainder when 343 is divided by n.
19
Suppose l - 4*j = -22 + 6, 0 = 2*l + 2*j - 18. Suppose -2*r - 50 = -2*g, 0 = l*g - 0*g + 5*r - 64. What is the remainder when g is divided by 15?
6
Suppose 4*g = -6*b + 3*b + 15, 5*g + 3*b - 15 = 0. Suppose g = -v + 4*z + 179 - 4, 3*v + 4*z - 605 = 0. What is the remainder when v is divided by 33?
30
Suppose 0 = 2*g - b - 888, -75*b + 430 = g - 72*b. What is the remainder when g is divided by 172?
98
Let w = 6909 + -6381. What is the remainder when w is divided by 101?
23
Let g(f) = f**3 + 8*f**2 + f - 23. Let l(i) = -11*i - 5. Suppose -4*o - 47 = -5*n, o + 0*o + 20 = 4*n. What is the remainder when l(o) is divided by g(-6)?
40
Let b(t) = t**3 - 14*t**2 - 27*t - 23. What is the remainder when 83 is divided by b(16)?
26
Suppose 1125 = -10*t + 38*t - 2991. What is the remainder when 1119 is divided by t?
90
Let l(d) = -2*d**3 - 43*d**2 - 160*d - 77. Calculate the remainder when 2173 is divided by l(-17).
31
Let g(f) = -3*f - 15. Let u be g(-5). Suppose -3*b + w = -24, 4 = -w + 1. Calculate the remainder when (-101)/(-9) + u - (-2)/(-9) is divided by b.
4
Calculate the remainder when (((-56)/42)/((-2)/(-1)))/(48/(-64296)) is divided by 269.
86
Let o(q) = q**3 - 27*q**2 + 25*q + 79. Calculate the remainder when 153 is divided by o(26).
47
Let j = 122591 - 122497. Let p = -9 + 21. Calculate the remainder when j is divided by p.
10
Let v(s) = s**2 + 16*s - 1950. What is the remainder when v(-64) is divided by 33?
0
Let v = 126655 + -126584. Suppose 3*b - 59 = 4*a - 3*a, -5*b - 3*a = -117. What is the remainder when v is divided by b?
8
Suppose 126 + 14 = -w - 3*p, 4*p = 8. Let t = w - -160. What is the remainder when t is divided by 13?
1
Let u be (0/(-48))/(1 + 0). Suppose -j - 12 + 33 = u. Calculate the remainder when 167 is divided by j.
20
Let a = 241 + -238. Let t(h) = 2*h**2 + 3*h - 22. What is the remainder when 234 is divided by t(a)?
4
Let h = 1188 + -1167. Let v(b) = b**2 + 10*b - 5. Let n be v(-11). Calculate the remainder when h is divided by (-2)/(4/n) - -6.
0
Suppose 955 = 4*h + 935. Suppose 4043 + 146 = h*o + f, o - 2*f = 840. Calculate the remainder when o is divided by 12.
10
Suppose 2*d - 7*d = -20. Let u(o) = 80*o**3 - 10*o - 11. Let x be u(-1). Let p = -77 - 